ctors of g(-8)?
59, 449
Suppose -4*m + 2*y + 95476 = 0, y - 10658 - 108687 = -5*m. What are the prime factors of m?
23869
Let u = 65 + -61. Suppose u*t + 4 + 12 = 0, 0 = 4*c + 4*t - 356. What are the prime factors of c?
3, 31
Let z be (-2 - -2)/1 - -5*1. Suppose -2 = -i - i, -z*v + 638 = 3*i. Suppose -v*p = -131*p + 8. List the prime factors of p.
2
Suppose -5 = -11*x + 12*x. What are the prime factors of ((843/(-6))/(x/10))/1?
281
Let p = 4325 + 1602. List the prime factors of p.
5927
What are the prime factors of 25/((-75)/12) - (5 - 19457)?
2, 11, 13, 17
Let u(p) = -p**3 - 16*p**2 - 40*p - 734. List the prime factors of u(-38).
2, 41, 397
Let c = 5651 + -2121. Suppose 22*j + c = 32*j. List the prime factors of j.
353
Suppose 3*a = 5*q - 24745, a = q - 4*a - 4971. What are the prime factors of q?
2, 2473
Suppose 7*x = 12*x - 3285. Suppose 3*o + 8*j = 6*j + x, 2*o - 5*j = 457. List the prime factors of o.
13, 17
Suppose -261*j + 2661411 + 2068170 = 0. What are the prime factors of j?
18121
Let c = 1680 - 1153. Let w be (5 - 2)/(24/296). Suppose c + w = 12*b. List the prime factors of b.
47
Let a(j) = -91*j + 110. List the prime factors of a(-41).
23, 167
Let o(y) = -107*y + 54. Let u(p) = 212*p - 108. Let i(m) = 9*o(m) + 4*u(m). What are the prime factors of i(-3)?
3, 7, 19
Suppose -5*w - 3*m + 10890 = -4127, m - 15009 = -5*w. What are the prime factors of w?
3001
Let s(k) = 258*k**2 - 8*k + 8. Let h(t) = -20*t - 119. Let o be h(-6). What are the prime factors of s(o)?
2, 3, 43
Let x = -10668 - -17132. What are the prime factors of x?
2, 101
Suppose 5*s + 2*t - 73950 = 0, 2*s - 48*t + 50*t - 29586 = 0. What are the prime factors of s?
2, 3697
Let h = -394 - -893. Let m = 810 - h. List the prime factors of m.
311
Suppose -38307 + 9797 = -10*r. What are the prime factors of r?
2851
Suppose -35*h + 8748 = -29*h. Suppose 46*s - 51*s = -2*b + 759, -2*s = 4*b - h. List the prime factors of b.
367
Suppose 32*i + 5 = 37*i, 4*x + 2*i = 72454. What are the prime factors of x?
59, 307
Let v be (-88)/(-20) + 2/(-5). Let w(s) = 4*s - 34. Let i be w(10). Suppose -5*t - 2*m + 63 = -v*m, -i = -2*t - 4*m. What are the prime factors of t?
11
Suppose 12*t - 83 = -2351. Let i(s) = s + 2. Let f be i(-4). List the prime factors of 42/t + (f - (-634)/18).
3, 11
Let j(o) = -o**2 - 14*o - 24. Let b be j(-12). Suppose -3*l + 38*l - 12740 = b. List the prime factors of l.
2, 7, 13
Suppose q - 13813 + 3473 = c, 2*q = 4*c + 20670. List the prime factors of q.
5, 2069
Let t(y) = -8*y + 624. Let k be t(35). Let x(h) = h + 8. Let r be x(-5). Suppose -a = r*a - k. What are the prime factors of a?
2, 43
Let n = -89 + 89. Let z(r) = -54 - 3*r + 24*r + 5*r + n*r. What are the prime factors of z(9)?
2, 3, 5
List the prime factors of (-7)/((-5)/770*-2*35/(-510)).
2, 3, 7, 11, 17
Suppose 0*v + 4*v = 0. Suppose -2*q + 26 - 8 = v. Suppose 3*w - 5*p = 56 - 14, 3*p + q = 0. List the prime factors of w.
3
What are the prime factors of (-35)/(-5) - 5 - (-2 - 2144)?
2, 3, 179
List the prime factors of (-52)/390 - -46803*2/45.
2, 5, 13
Let k(i) = 30*i**2 - 11*i + 10. Let m = 51 - 46. Let n be k(m). Suppose -3*q = -8*q + n. List the prime factors of q.
3, 47
Let m(n) = n**2 - 29*n - 84. Let t be m(16). Let h = t + 405. What are the prime factors of h?
113
Suppose -116739 = 233*r - 240*r. List the prime factors of r.
3, 17, 109
Suppose -3*j + 15*j - 24 = 0. Suppose -16*s - j*s - 234 = 0. Let u(v) = -16*v - 64. What are the prime factors of u(s)?
2, 3
Let c(w) = -637*w + 1783. List the prime factors of c(-19).
2, 53, 131
Let p(u) = u - 14. Let i(t) = -t + 1. Let n(f) = 4*i(f) + p(f). Let c be n(7). Let s = c - -46. What are the prime factors of s?
3, 5
Suppose 2*l + 5*d + 28 = 0, l - 5*d = -4*l - 140. Let u = l - -24. Suppose -7*s + 16*s - 1116 = u. What are the prime factors of s?
2, 31
Let q(t) = t + 1. Let c(k) = -265*k**2 - 4*k - 8. Let z(b) = -c(b) - 6*q(b). What are the prime factors of z(1)?
5, 53
Let m(h) = 2*h**3 - 2*h**2 + 8*h - 1. Let y be m(4). Suppose y = -2*j - 4*f + 383, 5*j - 600 = -2*f. List the prime factors of j.
2, 59
Suppose -2*v + 6*p - 4*p = -8, 3*p + 10 = 2*v. Let s(j) = 5 - v + 12 + 5 - j. List the prime factors of s(6).
2, 7
Let u(k) = 3*k - 1. Let r(t) = -4*t**2 - 20*t + 31. Let p(q) = -r(q) - 5*u(q). List the prime factors of p(12).
2, 5, 61
Let w(d) = -2866*d + 658. List the prime factors of w(-3).
2, 13, 89
Suppose -5*m - 84 = -3*m. Let z = -142 - -217. Let t = m + z. List the prime factors of t.
3, 11
What are the prime factors of (711/(-15) - -1)*(-10)/(-4)*-29?
2, 29
Suppose 2*a + 3330 = w, 11*a = 15*a. What are the prime factors of w?
2, 3, 5, 37
Let m be (0/4)/2 + -4. Let w be m - 2*(-50 + 3). Let y = w - 42. List the prime factors of y.
2, 3
Let n be ((-8)/10)/(9/(-225)). Let s = 22 - n. Suppose 4*p - 62 = s*p. What are the prime factors of p?
31
Suppose 4*x - 3*t = 100120, -4*t - 25017 = -2*x + x. What are the prime factors of x?
25033
Let w = -526 + 529. Suppose -5*v + 4083 = 2*s, -5*v + 0*s + 4082 = w*s. What are the prime factors of v?
19, 43
Let z = 5857 + 157. List the prime factors of z.
2, 31, 97
Suppose 31 = -0*h - 3*h + 2*n, -4*h + n - 38 = 0. Let a(z) = -z - 30. Let k be a(h). What are the prime factors of (-10)/((-10)/2) + k/(-1)?
23
Let g(l) = -l**3 + 6*l**2 + 8*l - 4. Let x be g(7). Let w be x + (2 - 6/2). Suppose v - 47 = w*z, -1 = -z + 4. What are the prime factors of v?
3, 19
Let l(c) = 922*c**3 - 4*c + 2. Let o be l(2). Suppose -310 - o = -16*x. Let v = 673 - x. List the prime factors of v.
193
Let h(g) = 299*g**2 - 2*g + 1. Let l be -2*((-15)/10)/3. Let k be h(l). Suppose 2*m + k = 4*m. List the prime factors of m.
149
Suppose 4*j - 75831 = -23347. List the prime factors of j.
13121
Let p(q) = -2*q**3 - 2*q**2 + 4*q + 5. Let i be p(-2). Suppose 2*x + f - 628 = 4*f, -i*f - 300 = -x. What are the prime factors of x?
2, 5
Suppose 5*u - 3*l = -8, -3*u - 3*l = 2*l - 2. Let h be (-47)/(44/42 + u). Let f = -690 - h. What are the prime factors of f?
3, 11
Let j(u) be the second derivative of -u**3 + 11*u**2/2 - 14*u. Let y be j(7). Let h = y - -48. List the prime factors of h.
17
Let b be (204/(-8))/((-1)/(-2)). Suppose -182*u = -179*u - 186. Let w = b + u. What are the prime factors of w?
11
Suppose w + 4*i - 6744 = 1632, 0 = -2*w - 4*i + 16760. List the prime factors of w.
2, 131
Suppose -5000 = -4*i + 4*h, -3*i + 19*h + 3774 = 22*h. What are the prime factors of i?
2, 3, 11, 19
Suppose r + 2*i - 1440 = -r, i + 2180 = 3*r. Let o = r - -43. What are the prime factors of o?
2, 3
Suppose o - 32*q - 5693 = -37*q, 3*q - 5705 = -o. What are the prime factors of o?
59, 97
What are the prime factors of (-61 - -60)/((-1)/(-20)*(-10)/23195)?
2, 5, 4639
Suppose 2*q - 11 = 3*o, 6*q - 2*q = -4*o - 8. Let r be 168 - q*-2 - 0/5. Let c = 257 - r. List the prime factors of c.
3, 29
Suppose -4*o = -5*y - 6440, -5*o + 8050 = -90*y + 94*y. What are the prime factors of o?
2, 5, 7, 23
Suppose 0 = z - 3*z + 12, 3*w + z - 25092 = 0. List the prime factors of w.
2, 37, 113
Suppose z - 333*h + 332*h - 12847 = 0, 5*z - 64225 = 3*h. List the prime factors of z.
2, 6421
Let d(i) = -80*i**2 - 11*i - 35. Let z be d(-3). Let h = -346 - z. What are the prime factors of h?
2, 47
List the prime factors of (5 + -4)/(77865/38925 + -2).
3, 5, 173
Let g(t) = 51*t + 51. Suppose 56 - 38 = 2*r. List the prime factors of g(r).
2, 3, 5, 17
Let l(d) = 36*d**2 + 136*d - 87. What are the prime factors of l(-17)?
5, 1601
Let b = -344 - -334. What are the prime factors of (-4)/b + 0 - (-7630)/50?
3, 17
Let d(b) = b**2 - 4*b + 5. Let q be d(6). Suppose 4 = -4*o, 9*f - o - q = 5*f. Suppose 0 = 2*y + 2 + f, 5*y + 257 = l. List the prime factors of l.
2, 11
Suppose -1675 + 1603 = -4*q. What are the prime factors of (q - 23) + (-1)/((-3)/3477)?
2, 577
What are the prime factors of 20468/(196/14) - 11?
1451
Suppose 3*y - 2*l - 50 = 25, 5*y - 4*l - 125 = 0. Suppose -156 = -4*s - 0*s + r, 4*r + 184 = 5*s. Suppose -26*f + y*f + s = 0. List the prime factors of f.
2, 5
Suppose -201*x + 184*x + 108579 = 0. List the prime factors of x.
3, 2129
Let f(m) = m**2 - 2*m - 1. Let t be f(3). Suppose 406 = 5*i + t*i. List the prime factors of i/6 + (-3)/(-9).
2, 5
Suppose -15*g + 7*g + 224 = 0. Let z(o) =